{"id":1255,"date":"2015-06-22T05:48:05","date_gmt":"2015-06-22T05:48:05","guid":{"rendered":"http:\/\/wydethemes.com\/flora4\/?page_id=7"},"modified":"2023-07-15T18:41:19","modified_gmt":"2023-07-15T17:41:19","slug":"home-2","status":"publish","type":"page","link":"http:\/\/angelinecroissant.com\/","title":{"rendered":"CONTACT"},"content":{"rendered":"<div class=\"row\">\r\n<div class=\"col col-12\"  style>\r\n    <div class=\"w-space\"  style=\"height:50px\"><\/div><\/div><\/div>\r\n<div class=\"row\">\r\n<div class=\"col col-12\"  style>\r\n    <div class=\"w-space\"  style=\"height:20px\"><\/div><div class=\"w-portfolio-grid w-masonry w-layout-flora w-scrollmore\">\r\n        <ul class=\"w-view clear\">\r\n            <li class=\"w-item w-h2 c-scenographie-theatrale\">\r\n            <figure>\r\n    <div class=\"cover-image\" style=\"background-image:url(http:\/\/angelinecroissant.com\/wp-content\/uploads\/2024\/10\/IMG_4228-2-640x640.jpg);\"><\/div>    \r\n    <figcaption>\r\n        <h3>RENA\u00ceTRE<\/h3>\r\n                <p>Sc\u00e9nographie th\u00e9\u00e2trale<\/p>        \r\n        <a href=\"http:\/\/angelinecroissant.com\/index.php\/portfolio-item\/renaitre\/\"><\/a>\r\n        <span>\r\n                    <a href=\"http:\/\/angelinecroissant.com\/wp-content\/uploads\/2024\/10\/IMG_4228-2-scaled.jpg\" data-rel=\"prettyPhoto[portfolio]\" title=\"RENA\u00ceTRE\"><\/a>\r\n                <\/span>\r\n    <\/figcaption>\r\n<\/figure>        <\/li>\r\n            <li class=\"w-item c-scenographie-theatrale\">\r\n            <figure>\r\n    <div class=\"cover-image\" style=\"background-image:url(http:\/\/angelinecroissant.com\/wp-content\/uploads\/2024\/10\/IMG_3952-300x300.jpg);\"><\/div>    \r\n    <figcaption>\r\n        <h3>LE ROI, LA REINE ET LE BOUFFON<\/h3>\r\n                <p>Sc\u00e9nographie th\u00e9\u00e2trale<\/p>        \r\n        <a href=\"http:\/\/angelinecroissant.com\/index.php\/portfolio-item\/le-roi-la-reine-et-le-bouffon\/\"><\/a>\r\n        <span>\r\n                    <a href=\"http:\/\/angelinecroissant.com\/wp-content\/uploads\/2024\/10\/IMG_3952-scaled.jpg\" data-rel=\"prettyPhoto[portfolio]\" title=\"LE ROI, LA REINE ET LE BOUFFON\"><\/a>\r\n                <\/span>\r\n    <\/figcaption>\r\n<\/figure>        <\/li>\r\n            <li class=\"w-item w-w2 w-h2 c-scenographie-theatrale\">\r\n            <figure>\r\n    <div class=\"cover-image\" style=\"background-image:url(http:\/\/angelinecroissant.com\/wp-content\/uploads\/2023\/11\/4210F60F-3BB5-4121-A7D6-508B462E178B-640x640.jpeg);\"><\/div>    \r\n    <figcaption>\r\n        <h3>Hansel &#038; Gretel<\/h3>\r\n                <p>Sc\u00e9nographie th\u00e9\u00e2trale<\/p>        \r\n        <a href=\"http:\/\/angelinecroissant.com\/index.php\/portfolio-item\/hansel-gretel\/\"><\/a>\r\n        <span>\r\n                    <a href=\"http:\/\/angelinecroissant.com\/wp-content\/uploads\/2023\/11\/4210F60F-3BB5-4121-A7D6-508B462E178B-scaled.jpeg\" data-rel=\"prettyPhoto[portfolio]\" title=\"Hansel &#038; Gretel\"><\/a>\r\n                <\/span>\r\n    <\/figcaption>\r\n<\/figure>        <\/li>\r\n            <li class=\"w-item c-scenographie-theatrale\">\r\n            <figure>\r\n    <div class=\"cover-image\" style=\"background-image:url(http:\/\/angelinecroissant.com\/wp-content\/uploads\/2023\/07\/230214_RdL_0345-300x300.jpg);\"><\/div>    \r\n    <figcaption>\r\n        <h3>Hamlet(te)<\/h3>\r\n                <p>Sc\u00e9nographie th\u00e9\u00e2trale<\/p>        \r\n        <a href=\"http:\/\/angelinecroissant.com\/index.php\/portfolio-item\/hamlette\/\"><\/a>\r\n        <span>\r\n                    <a href=\"http:\/\/angelinecroissant.com\/wp-content\/uploads\/2023\/07\/230214_RdL_0345-scaled.jpg\" data-rel=\"prettyPhoto[portfolio]\" title=\"Hamlet(te)\"><\/a>\r\n                <\/span>\r\n    <\/figcaption>\r\n<\/figure>        <\/li>\r\n            <li class=\"w-item w-w2 w-h2 c-scenographie-theatrale\">\r\n            <figure>\r\n    <div class=\"cover-image\" style=\"background-image:url(http:\/\/angelinecroissant.com\/wp-content\/uploads\/2023\/07\/IMG_7615-640x640.jpeg);\"><\/div>    \r\n    <figcaption>\r\n        <h3>Mot musique<\/h3>\r\n                <p>Sc\u00e9nographie th\u00e9\u00e2trale<\/p>        \r\n        <a href=\"http:\/\/angelinecroissant.com\/index.php\/portfolio-item\/mot-musique\/\"><\/a>\r\n        <span>\r\n                    <a href=\"http:\/\/angelinecroissant.com\/wp-content\/uploads\/2023\/07\/IMG_7615-scaled.jpeg\" data-rel=\"prettyPhoto[portfolio]\" title=\"Mot musique\"><\/a>\r\n                <\/span>\r\n    <\/figcaption>\r\n<\/figure>        <\/li>\r\n            <li class=\"w-item c-scenographie-theatrale\">\r\n            <figure>\r\n    <div class=\"cover-image\" style=\"background-image:url(http:\/\/angelinecroissant.com\/wp-content\/uploads\/2023\/11\/jack-et-le-haricot-magik-1-300x300.jpeg);\"><\/div>    \r\n    <figcaption>\r\n        <h3>Jack et le Haricot magique<\/h3>\r\n                <p>Sc\u00e9nographie th\u00e9\u00e2trale<\/p>        \r\n        <a href=\"http:\/\/angelinecroissant.com\/index.php\/portfolio-item\/jack-et-le-haricot-magique\/\"><\/a>\r\n        <span>\r\n                    <a href=\"http:\/\/angelinecroissant.com\/wp-content\/uploads\/2023\/11\/jack-et-le-haricot-magik-1.jpeg\" data-rel=\"prettyPhoto[portfolio]\" title=\"Jack et le Haricot magique\"><\/a>\r\n                <\/span>\r\n    <\/figcaption>\r\n<\/figure>        <\/li>\r\n            <li class=\"w-item w-h2 c-scenographie-theatrale\">\r\n            <figure>\r\n    <div class=\"cover-image\" style=\"background-image:url(http:\/\/angelinecroissant.com\/wp-content\/uploads\/2022\/07\/JAIME-1-dec-2021-4-copie-scaled-e1688643181617-640x640.jpg);\"><\/div>    \r\n    <figcaption>\r\n        <h3>J&rsquo;aime<\/h3>\r\n                <p>Sc\u00e9nographie th\u00e9\u00e2trale<\/p>        \r\n        <a href=\"http:\/\/angelinecroissant.com\/index.php\/portfolio-item\/jaime\/\"><\/a>\r\n        <span>\r\n                    <a href=\"http:\/\/angelinecroissant.com\/wp-content\/uploads\/2022\/07\/JAIME-1-dec-2021-4-copie-scaled-e1688643181617.jpg\" data-rel=\"prettyPhoto[portfolio]\" title=\"J&rsquo;aime\"><\/a>\r\n                <\/span>\r\n    <\/figcaption>\r\n<\/figure>        <\/li>\r\n            <li class=\"w-item c-scenographie-theatrale\">\r\n            <figure>\r\n    <div class=\"cover-image\" style=\"background-image:url(http:\/\/angelinecroissant.com\/wp-content\/uploads\/2021\/01\/13-LE-ROI-DES-PAQUERETTES\u00a9karineletellier-300x300.jpg);\"><\/div>    \r\n    <figcaption>\r\n        <h3>Le roi des p\u00e2querettes<\/h3>\r\n                <p>Sc\u00e9nographie th\u00e9\u00e2trale<\/p>        \r\n        <a href=\"http:\/\/angelinecroissant.com\/index.php\/portfolio-item\/le-roi-des-paquerettes\/\"><\/a>\r\n        <span>\r\n                    <a href=\"http:\/\/angelinecroissant.com\/wp-content\/uploads\/2021\/01\/13-LE-ROI-DES-PAQUERETTES\u00a9karineletellier.jpg\" data-rel=\"prettyPhoto[portfolio]\" title=\"Le roi des p\u00e2querettes\"><\/a>\r\n                <\/span>\r\n    <\/figcaption>\r\n<\/figure>        <\/li>\r\n            <li class=\"w-item w-h2 c-scenographie-theatrale\">\r\n            <figure>\r\n    <div class=\"cover-image\" style=\"background-image:url(http:\/\/angelinecroissant.com\/wp-content\/uploads\/2020\/11\/Succession-30-09-20-Simon-Gosselin-85-640x640.jpg);\"><\/div>    \r\n    <figcaption>\r\n        <h3>SUCCESSION<\/h3>\r\n                <p>Sc\u00e9nographie th\u00e9\u00e2trale<\/p>        \r\n        <a href=\"http:\/\/angelinecroissant.com\/index.php\/portfolio-item\/succession\/\"><\/a>\r\n        <span>\r\n                    <a href=\"http:\/\/angelinecroissant.com\/wp-content\/uploads\/2020\/11\/Succession-30-09-20-Simon-Gosselin-85-scaled.jpg\" data-rel=\"prettyPhoto[portfolio]\" title=\"SUCCESSION\"><\/a>\r\n                <\/span>\r\n    <\/figcaption>\r\n<\/figure>        <\/li>\r\n            <li class=\"w-item w-w2 w-h2 c-scenographie-theatrale\">\r\n            <figure>\r\n    <div class=\"cover-image\" style=\"background-image:url(http:\/\/angelinecroissant.com\/wp-content\/uploads\/2020\/03\/200117_RdL_0071-640x640.jpg);\"><\/div>    \r\n    <figcaption>\r\n        <h3>Derniers remords avant l&rsquo;oubli<\/h3>\r\n                <p>Sc\u00e9nographie th\u00e9\u00e2trale<\/p>        \r\n        <a href=\"http:\/\/angelinecroissant.com\/index.php\/portfolio-item\/derniers-remords-avant-loubli\/\"><\/a>\r\n        <span>\r\n                    <a href=\"http:\/\/angelinecroissant.com\/wp-content\/uploads\/2020\/03\/200117_RdL_0071-scaled.jpg\" data-rel=\"prettyPhoto[portfolio]\" title=\"Derniers remords avant l&rsquo;oubli\"><\/a>\r\n                <\/span>\r\n    <\/figcaption>\r\n<\/figure>        <\/li>\r\n            <li class=\"w-item w-h2 c-scenographie-theatrale\">\r\n            <figure>\r\n    <div class=\"cover-image\" style=\"background-image:url(http:\/\/angelinecroissant.com\/wp-content\/uploads\/2020\/03\/IVANOV-BD.-6989-Philippe-Hanula-min-scaled-1-640x640.jpg);\"><\/div>    \r\n    <figcaption>\r\n        <h3>IVANOV<\/h3>\r\n                <p>Sc\u00e9nographie th\u00e9\u00e2trale<\/p>        \r\n        <a href=\"http:\/\/angelinecroissant.com\/index.php\/portfolio-item\/ivanov\/\"><\/a>\r\n        <span>\r\n                    <a href=\"http:\/\/angelinecroissant.com\/wp-content\/uploads\/2020\/03\/IVANOV-BD.-6989-Philippe-Hanula-min-scaled-1.jpg\" data-rel=\"prettyPhoto[portfolio]\" title=\"IVANOV\"><\/a>\r\n                <\/span>\r\n    <\/figcaption>\r\n<\/figure>        <\/li>\r\n            <li class=\"w-item w-w2 c-scenographie-theatrale\">\r\n            <figure>\r\n    <div class=\"cover-image\" style=\"background-image:url(http:\/\/angelinecroissant.com\/wp-content\/uploads\/2020\/03\/20200120_odyssees_\u00a9iovino_0031-300x300.jpg);\"><\/div>    \r\n    <figcaption>\r\n        <h3>ODYSS\u00c9E 2020<\/h3>\r\n                <p>Sc\u00e9nographie th\u00e9\u00e2trale<\/p>        \r\n        <a href=\"http:\/\/angelinecroissant.com\/index.php\/portfolio-item\/odyssee-2020\/\"><\/a>\r\n        <span>\r\n                    <a href=\"http:\/\/angelinecroissant.com\/wp-content\/uploads\/2020\/03\/20200120_odyssees_\u00a9iovino_0031.jpg\" data-rel=\"prettyPhoto[portfolio]\" title=\"ODYSS\u00c9E 2020\"><\/a>\r\n                <\/span>\r\n    <\/figcaption>\r\n<\/figure>        <\/li>\r\n            <li class=\"w-item c-scenographie-theatrale\">\r\n            <figure>\r\n    <div class=\"cover-image\" style=\"background-image:url(http:\/\/angelinecroissant.com\/wp-content\/uploads\/2020\/03\/P1050460-scaled-e1688641335463-300x300.jpg);\"><\/div>    \r\n    <figcaption>\r\n        <h3>Mais n&rsquo;te prom\u00e8ne donc pas toute nue !<\/h3>\r\n                <p>Sc\u00e9nographie th\u00e9\u00e2trale<\/p>        \r\n        <a href=\"http:\/\/angelinecroissant.com\/index.php\/portfolio-item\/mais-nte-promene-donc-pas-toute-nue-feydeau\/\"><\/a>\r\n        <span>\r\n                    <a href=\"http:\/\/angelinecroissant.com\/wp-content\/uploads\/2020\/03\/P1050460-scaled-e1688641335463.jpg\" data-rel=\"prettyPhoto[portfolio]\" title=\"Mais n&rsquo;te prom\u00e8ne donc pas toute nue !\"><\/a>\r\n                <\/span>\r\n    <\/figcaption>\r\n<\/figure>        <\/li>\r\n            <li class=\"w-item c-scenographie-theatrale\">\r\n            <figure>\r\n    <div class=\"cover-image\" style=\"background-image:url(http:\/\/angelinecroissant.com\/wp-content\/uploads\/2020\/03\/IMG_6756-300x300.jpg);\"><\/div>    \r\n    <figcaption>\r\n        <h3>Quasimodo<\/h3>\r\n                <p>Sc\u00e9nographie th\u00e9\u00e2trale<\/p>        \r\n        <a href=\"http:\/\/angelinecroissant.com\/index.php\/portfolio-item\/quasimodo\/\"><\/a>\r\n        <span>\r\n                    <a href=\"http:\/\/angelinecroissant.com\/wp-content\/uploads\/2020\/03\/IMG_6756-scaled.jpg\" data-rel=\"prettyPhoto[portfolio]\" title=\"Quasimodo\"><\/a>\r\n                <\/span>\r\n    <\/figcaption>\r\n<\/figure>        <\/li>\r\n                \r\n    <\/ul>\r\n    <div class=\"w-showmore clear\"><a href=\"http:\/\/angelinecroissant.com\/index.php\/wp-json\/wp\/v2\/pages\/1255\/page\/2\/\" class=\"w-next\">Show More<\/a><\/div><\/div><\/div><\/div>\n","protected":false},"excerpt":{"rendered":"Victor Hugo enfant d\u00e9couvre deux corps enlac\u00e9s dans une cellule abandonn\u00e9e de Notre-Dame de Paris. Guid\u00e9 par son imagination, il va revivre avec le public la bouleversante histoire du difforme Quasimodo et de la magnifique boh\u00e9mienne Esm\u00e9ralda. \u00c0 travers les d\u00e9dales d\u2019un Paris du XV\u00e8me, le terrifiant Frollo et le s\u00e9ducteur Phoebus vont se disputer [...]","protected":false},"author":1,"featured_media":0,"parent":0,"menu_order":0,"comment_status":"open","ping_status":"open","template":"","meta":[],"_links":{"self":[{"href":"http:\/\/angelinecroissant.com\/index.php\/wp-json\/wp\/v2\/pages\/1255"}],"collection":[{"href":"http:\/\/angelinecroissant.com\/index.php\/wp-json\/wp\/v2\/pages"}],"about":[{"href":"http:\/\/angelinecroissant.com\/index.php\/wp-json\/wp\/v2\/types\/page"}],"author":[{"embeddable":true,"href":"http:\/\/angelinecroissant.com\/index.php\/wp-json\/wp\/v2\/users\/1"}],"replies":[{"embeddable":true,"href":"http:\/\/angelinecroissant.com\/index.php\/wp-json\/wp\/v2\/comments?post=1255"}],"version-history":[{"count":7,"href":"http:\/\/angelinecroissant.com\/index.php\/wp-json\/wp\/v2\/pages\/1255\/revisions"}],"predecessor-version":[{"id":1380,"href":"http:\/\/angelinecroissant.com\/index.php\/wp-json\/wp\/v2\/pages\/1255\/revisions\/1380"}],"wp:attachment":[{"href":"http:\/\/angelinecroissant.com\/index.php\/wp-json\/wp\/v2\/media?parent=1255"}],"curies":[{"name":"wp","href":"https:\/\/api.w.org\/{rel}","templated":true}]}}